 of 67224 and 60?
12
Calculate the greatest common factor of 125665 and 615.
205
Calculate the highest common divisor of 1808 and 4624.
16
Calculate the highest common factor of 415225 and 1954.
977
Calculate the highest common factor of 12 and 224868.
12
Calculate the highest common divisor of 24 and 44532.
12
Calculate the greatest common divisor of 330 and 186690.
30
What is the highest common factor of 529665 and 510?
15
Calculate the highest common divisor of 6630 and 546.
78
Calculate the greatest common divisor of 1051487 and 1492.
373
Calculate the highest common divisor of 491946 and 357.
357
What is the highest common factor of 6849 and 279?
9
Calculate the greatest common factor of 2446958 and 6152.
1538
What is the greatest common divisor of 107943 and 561?
33
What is the greatest common factor of 98 and 94766?
98
Calculate the greatest common divisor of 5968 and 14992.
16
What is the greatest common factor of 14 and 132419?
7
What is the highest common factor of 5762 and 1763?
43
What is the greatest common factor of 1599 and 82953?
39
What is the highest common factor of 1421 and 5974?
29
What is the highest common factor of 2251445 and 35?
35
What is the highest common factor of 64168 and 208?
104
Calculate the greatest common factor of 80288 and 39.
13
Calculate the highest common factor of 4772075 and 55.
55
What is the greatest common factor of 143 and 6267547?
143
Calculate the greatest common factor of 1305 and 64235.
145
Calculate the highest common factor of 9444214 and 26.
26
What is the highest common factor of 869176 and 84?
28
Calculate the highest common factor of 21526 and 1832.
458
What is the highest common factor of 209 and 18777?
11
Calculate the highest common factor of 43935 and 870.
435
What is the highest common divisor of 2916 and 16956?
108
What is the greatest common factor of 330 and 616440?
330
What is the greatest common factor of 85 and 31200185?
85
What is the greatest common factor of 301803 and 1392?
87
Calculate the highest common divisor of 17214 and 12.
6
What is the greatest common divisor of 138242 and 13906?
818
Calculate the highest common factor of 14342 and 158.
2
Calculate the highest common divisor of 60 and 412.
4
What is the highest common divisor of 2322 and 29439?
9
Calculate the highest common divisor of 18 and 200709.
9
Calculate the greatest common divisor of 83464 and 16.
8
Calculate the highest common divisor of 7358 and 1300.
26
What is the greatest common divisor of 2613468 and 66?
66
Calculate the greatest common factor of 540 and 375930.
90
Calculate the greatest common divisor of 12166 and 770.
154
What is the highest common divisor of 3942 and 38952?
18
What is the highest common factor of 16 and 16?
16
Calculate the greatest common divisor of 261416 and 5576.
328
What is the highest common divisor of 678 and 333011?
113
What is the highest common divisor of 576 and 144192?
192
What is the greatest common divisor of 363 and 132253?
121
Calculate the highest common factor of 63 and 63777.
21
Calculate the highest common divisor of 18171 and 452929.
673
Calculate the greatest common divisor of 28 and 214844.
28
Calculate the greatest common divisor of 26264 and 686.
98
Calculate the greatest common divisor of 151368 and 224.
56
What is the highest common divisor of 10464 and 35643?
327
Calculate the greatest common divisor of 45605 and 350.
35
What is the greatest common divisor of 180712 and 3332?
196
What is the highest common divisor of 2160 and 257760?
720
What is the greatest common divisor of 119014 and 14?
14
What is the greatest common divisor of 2771 and 3056413?
2771
Calculate the greatest common factor of 14345 and 285.
95
Calculate the greatest common divisor of 672 and 2088.
24
Calculate the greatest common factor of 6376 and 1400.
8
What is the greatest common divisor of 136 and 145724?
68
What is the greatest common divisor of 1985 and 160?
5
Calculate the greatest common divisor of 1428 and 268770.
102
Calculate the greatest common factor of 80 and 102715.
5
Calculate the greatest common divisor of 62901 and 13737.
723
Calculate the greatest common factor of 825194 and 322.
46
What is the highest common divisor of 163392 and 384?
192
What is the highest common divisor of 152824 and 728?
56
What is the highest common factor of 172 and 685291?
43
Calculate the highest common divisor of 203 and 501120.
29
Calculate the highest common factor of 207731 and 31.
31
Calculate the highest common divisor of 1338535 and 55.
55
What is the greatest common factor of 1455672 and 11004?
1572
What is the highest common divisor of 457878 and 6?
6
What is the greatest common factor of 60 and 855264?
12
What is the greatest common divisor of 23165 and 62150?
565
Calculate the greatest common divisor of 112 and 7132.
4
What is the greatest common factor of 6609 and 510?
3
Calculate the greatest common factor of 748 and 343750.
22
Calculate the highest common factor of 35 and 112.
7
What is the greatest common divisor of 20200 and 800?
200
What is the greatest common divisor of 6 and 4413822?
6
What is the greatest common factor of 61455 and 1215?
15
What is the highest common factor of 1430 and 6380?
110
Calculate the greatest common factor of 959 and 13289.
137
What is the greatest common factor of 8749 and 689?
13
Calculate the highest common factor of 86000 and 496.
16
What is the highest common factor of 18610 and 100?
10
What is the greatest common factor of 5937000 and 4?
4
What is the highest common factor of 79800 and 64200?
600
What is the greatest common factor of 29896 and 3848?
296
What is the highest common factor of 12045 and 13519?
11
Calculate the highest common factor of 103142 and 26.
26
Calculate the greatest common factor of 10 and 624230.
10
Calculate the highest common divisor of 11 and 6942001.
11
What is the highest common factor of 711 and 171114?
237
Calculate the greatest common divisor of 12 and 180.
12
What is the greatest common factor of 1548 and 7482?
258
Calculate the greatest common divisor of 693842 and 722.
722
Calculate the greatest common divisor of 116 and 27289.
29
Calculate the highest common divisor of 20390 and 90.
10
What is the greatest common factor of 61 and 2430179?
61
Calculate the greatest common divisor of 15596 and 157074.
1114
Calculate the greatest common divisor of 161018 and 1144.
286
Calculate the greatest common divisor of 35046 and 162.
54
Calculate the highest common factor of 15 and 2512920.
15
What is the greatest common divisor of 2980 and 615?
5
Calculate the highest common factor of 4250 and 1029350.
850
Calculate the greatest common divisor of 65 and 102765.
65
Calculate the greatest common factor of 20210 and 220.
10
Calculate the greatest common divisor of 690 and 3940.
10
What is the highest common factor of 495 and 15543?
99
What is the highest common factor of 1464 and 8601?
183
Calculate the highest common divisor of 15028 and 4.
4
Calculate the greatest common divisor of 471 and 9263.
157
What is the greatest common factor of 74787 and 19275?
771
Calculate the greatest common divisor of 2640462 and 726.
726
Calculate the greatest common factor of 1584 and 252.
36
Calculate the highest common divisor of 3483 and 171441.
387
What is the highest common divisor of 45732 and 122364?
1236
Calculate the greatest common divisor of 44 and 154308.
44
What is the greatest common factor of 72085 and 195?
65
What is the highest common divisor of 787072 and 352?
352
Calculate the greatest common divisor of 39893 and 1722.
287
Calculate the greatest common factor of 87201 and 18.
9
What is the highest common divisor of 6 and 76542?
6
Calculate the highest common factor of 640 and 985.
5
Calculate the greatest common factor of 49847 and 7.
7
What is the greatest common divisor of 115096 and 8?
8
Calculate the greatest common divisor of 29828 and 24.
4
What is the greatest common divisor of 1640 and 11080?
40
Calculate the highest common factor of 2345 and 2937347.
469
Calculate the highest common factor of 281 and 196981.
281
What is the highest common divisor of 30006 and 27?
9
What is the greatest common divisor of 975 and 68055?
195
Calculate the highest common factor of 86241 and 57.
57
What is the greatest common